{"id":1271,"date":"2018-04-30T18:24:15","date_gmt":"2018-04-30T18:24:15","guid":{"rendered":"http:\/\/www.511store.vn\/patch\/?post_type=product&#038;p=1271"},"modified":"2018-08-06T10:06:26","modified_gmt":"2018-08-06T10:06:26","slug":"patch-nhom-mau","status":"publish","type":"product","link":"https:\/\/www.511store.vn\/patch\/cua-hang\/patch-vai\/patch-nhom-mau\/","title":{"rendered":"Patch nh\u00f3m m\u00e1u"},"content":{"rendered":"<p>Patch d\u00f9ng \u0111\u1ec3 trang tr\u00ed \u2013 C\u00f3 s\u1eb5n gai d\u00ednh, c\u00f3 th\u1ec3 g\u1eafn l\u00ean c\u00e1c v\u1ecb tr\u00ed c\u00f3 Velcro<\/p>\n<p><strong>Mua h\u00e0ng tr\u00ean Shopee<\/strong><\/p>\n<p>Combo 3 c\u00e1i:\u00a0<a href=\"https:\/\/shopee.vn\/Patch-d%C3%A1n-%C3%A1o-Patch-d%C3%A1n-balo-(Combo-3-c%C3%A1i)-i.8262716.733844812\" target=\"_blank\" rel=\"noopener\">https:\/\/shopee.vn\/Patch-d%C3%A1n-%C3%A1o-Patch-d%C3%A1n-balo-(Combo-3-c%C3%A1i)-i.8262716.733844812\u00a0<\/a><\/p>\n<p>Combo 4 c\u00e1i:\u00a0<a href=\"https:\/\/shopee.vn\/Patch-d%C3%A1n-balo-Patch-d%C3%A1n-%C3%A1o-(Combo-4-c%C3%A1i)-i.8262716.783560803\" target=\"_blank\" rel=\"noopener\">https:\/\/shopee.vn\/Patch-d%C3%A1n-balo-Patch-d%C3%A1n-%C3%A1o-(Combo-4-c%C3%A1i)-i.8262716.783560803<\/a><\/p>\n<p>Combo 5 c\u00e1i:\u00a0<a href=\"https:\/\/shopee.vn\/Patch-d%C3%A1n-balo-Patch-d%C3%A1n-%C3%A1o-(Combo-5-c%C3%A1i)-i.8262716.783945347\" target=\"_blank\" rel=\"noopener\">https:\/\/shopee.vn\/Patch-d%C3%A1n-balo-Patch-d%C3%A1n-%C3%A1o-(Combo-5-c%C3%A1i)-i.8262716.783945347<\/a><\/p>\n<p>Combo 6 c\u00e1i:\u00a0<a href=\"https:\/\/shopee.vn\/Patch-d%C3%A1n-%C3%A1o-(Combo-6-c%C3%A1i)-i.8262716.783747738\" target=\"_blank\" rel=\"noopener\">https:\/\/shopee.vn\/Patch-d%C3%A1n-%C3%A1o-(Combo-6-c%C3%A1i)-i.8262716.783747738<\/a><\/p>\n","protected":false},"excerpt":{"rendered":"<p>Patch nh\u00f3m m\u00e1u<br \/>\nC\u00f3 s\u1eb5n t\u1ea1i www.511Store.Vn\/patch v\u00e0 www.ArmyBox.Vn<\/p>\n","protected":false},"featured_media":543,"comment_status":"closed","ping_status":"closed","template":"","meta":[],"product_brand":[],"product_cat":[335,16],"product_tag":[21,23,22,649,253,24,20],"class_list":{"0":"post-1271","1":"product","2":"type-product","3":"status-publish","4":"has-post-thumbnail","6":"product_cat-patch-full-set","7":"product_cat-patch-vai","8":"product_tag-patch-dan","9":"product_tag-patch-dan-ao","10":"product_tag-patch-dan-balo","11":"product_tag-patch-mau","12":"product_tag-patch-nhom-mau","13":"product_tag-patch-tactical","14":"product_tag-patch-vai","15":"post","16":"post-with-thumbnail","17":"post-with-thumbnail-large","19":"first","20":"instock","21":"purchasable","22":"product-type-simple"},"_links":{"self":[{"href":"https:\/\/www.511store.vn\/patch\/wp-json\/wp\/v2\/product\/1271","targetHints":{"allow":["GET"]}}],"collection":[{"href":"https:\/\/www.511store.vn\/patch\/wp-json\/wp\/v2\/product"}],"about":[{"href":"https:\/\/www.511store.vn\/patch\/wp-json\/wp\/v2\/types\/product"}],"replies":[{"embeddable":true,"href":"https:\/\/www.511store.vn\/patch\/wp-json\/wp\/v2\/comments?post=1271"}],"wp:featuredmedia":[{"embeddable":true,"href":"https:\/\/www.511store.vn\/patch\/wp-json\/wp\/v2\/media\/543"}],"wp:attachment":[{"href":"https:\/\/www.511store.vn\/patch\/wp-json\/wp\/v2\/media?parent=1271"}],"wp:term":[{"taxonomy":"product_brand","embeddable":true,"href":"https:\/\/www.511store.vn\/patch\/wp-json\/wp\/v2\/product_brand?post=1271"},{"taxonomy":"product_cat","embeddable":true,"href":"https:\/\/www.511store.vn\/patch\/wp-json\/wp\/v2\/product_cat?post=1271"},{"taxonomy":"product_tag","embeddable":true,"href":"https:\/\/www.511store.vn\/patch\/wp-json\/wp\/v2\/product_tag?post=1271"}],"curies":[{"name":"wp","href":"https:\/\/api.w.org\/{rel}","templated":true}]}}